et l(g) = 6*g - 1. Let m be l(1). Suppose -2*t + 5*z - m = 12, 3*t = 3*z - 3. Is 4 a factor of t?
True
Let d be 6/3 - -1 - -4. Let x(i) be the third derivative of i**4/24 + 3*i**3/2 + i**2. Is x(d) a multiple of 10?
False
Let k be -2*3*9/(-18). Suppose -p + 5*p - 100 = 0. Let f = p - k. Is f a multiple of 10?
False
Let l(y) = -5*y**2 - 4*y + 1. Let m(b) = 5*b**2 + 5*b. Let c(w) = -3*l(w) - 2*m(w). Is 11 a factor of c(-3)?
False
Is 150/(-175) + 370/7 a multiple of 41?
False
Suppose r + 21 = f, -1 - 3 = -r - 4*f. Let u(i) = 33*i**2 - 2*i + 1. Let c be u(1). Let m = c + r. Does 8 divide m?
True
Let v be 1 + (-1)/2*62. Is (-18)/v + (-54)/(-10) a multiple of 2?
True
Let c = -107 - -124. Does 2 divide c?
False
Suppose 0 = -2*b - n + 9, 0 = -b - 3*n - n - 13. Suppose -4*g = -b*g + 93. Suppose -c = -5*u + 3*u + 17, -u = 4*c - g. Is 5 a factor of u?
False
Suppose 20 = -2*d - 2*c + 2, -2*c - 26 = 3*d. Let o(i) = -i**2 - 13*i - 2. Does 14 divide o(d)?
False
Suppose o = 6*o - 250. Is 14 a factor of o?
False
Suppose 10*h = 13*h - 54. Does 6 divide h?
True
Let a = 18 + 6. Does 8 divide a?
True
Let x(j) = -42*j - 3. Is x(-2) a multiple of 21?
False
Suppose 0 = a + 3 - 13. Is 4 a factor of a?
False
Let m(o) = -6*o + 5. Does 14 divide m(-4)?
False
Suppose y = -4 - 3. Let i(b) = -b**3 - 6*b**2 + 6*b + 5. Is i(y) a multiple of 12?
True
Let q(a) = 48*a**3 - 4*a**2 + 3*a. Let o be q(2). Is 16 a factor of o/6 - 2/(-3)?
False
Let b(k) = 4 + 2 - 4 + k**2 + 2*k. Let u be b(-4). Suppose -2*a = -a - u. Is a a multiple of 8?
False
Suppose 2 = -2*d + 6. Let s = -5 + 9. Suppose s*z - 18 = -d. Is 2 a factor of z?
True
Suppose -3*w + 68 + 40 = 0. Is w a multiple of 12?
True
Let p = 12 - -3. Is p a multiple of 2?
False
Suppose 0*j + 4*j - 8 = 0. Suppose -8 = -j*p + 88. Is p a multiple of 24?
True
Suppose -319 = -7*f + 185. Is 18 a factor of f?
True
Suppose 5*g = 4*g + 11. Let j(t) = t + 2. Does 13 divide j(g)?
True
Let f(v) = -v**2 + 3*v - 1. Let x be f(3). Let q(t) be the first derivative of -13*t**2/2 - 7. Is q(x) a multiple of 6?
False
Suppose 4*k - 20 = 0, 5*k - 3*k = 3*l - 8. Suppose 0 = v - l + 67. Is v/(-4) - (-2)/(-8) a multiple of 14?
False
Suppose -3*r = -4*z + 143, -4*r = -7*r - 3. Is z a multiple of 10?
False
Let g = -27 + 85. Let d = g - 30. Is d a multiple of 16?
False
Suppose -5*h + 2*h + 492 = 0. Is h a multiple of 41?
True
Let a(t) = t**3 - 5*t**2 + 2. Let k be a(5). Let g = -1 + 4. Suppose u - 32 = -g*l - u, 4*u + 48 = k*l. Is 14 a factor of l?
True
Let k be ((-12)/2)/((-2)/(-5)). Does 25 divide ((-104)/10)/(3/k)?
False
Let n = 61 + -17. Suppose -28 = -3*h + n. Is 12 a factor of h?
True
Suppose 0 = 2*m - 0*m - 3*a - 24, 3*a = m - 6. Let i = 34 - m. Does 8 divide i?
True
Let j = -148 - -237. Is j a multiple of 15?
False
Let a(j) = -j**2 + 39. Let i(w) be the first derivative of w**4/4 + 3*w**3 + w**2/2 + 9*w + 2. Let h be i(-9). Does 13 divide a(h)?
True
Let v be (-1 - 0)*(1 + -3). Is v/(0 + (-4)/(-94)) a multiple of 13?
False
Let u be 0 + -2*(-1 + -1). Suppose -h = -0*h + t - 36, 2*h + u*t = 64. Is 12 a factor of h?
False
Let n(a) = -a**2 - 27*a - 6. Is n(-26) a multiple of 20?
True
Suppose -4 = r - 3*r. Suppose 5*h - 17 = -r*y + 6*y, -y - 18 = -4*h. Suppose 0 = -5*j + 20, 0 = -y*f - j + 2*j + 22. Is 13 a factor of f?
True
Suppose -3*o + 10 = -26. Is o a multiple of 7?
False
Suppose 4*b + b - 220 = 0. Is b a multiple of 11?
True
Let n(w) = -2*w**3 - 14*w**2 + 11*w + 1. Let b(y) = -y**3 - y**2 - 1. Let x(v) = -3*b(v) + n(v). Is x(10) a multiple of 14?
True
Let d = -7 - 38. Let r = -1 - d. Does 14 divide r?
False
Suppose 2*q - 8 = v, 0*v - 4*v = -8. Suppose q = -j + 10. Does 5 divide j?
True
Suppose -5*x + 2*b = -118, 4*x + 2*b - 40 = 40. Does 15 divide x?
False
Let k(n) = -n**3 + 9*n**2 - 4*n - 1. Is k(6) a multiple of 14?
False
Let w = 128 - 71. Suppose 0*h + 126 = 2*h - 5*z, -5*h = z - 261. Suppose -5*i + w = -h. Is 13 a factor of i?
False
Let o(b) be the second derivative of b**5/20 + b**4/3 + 2*b**3/3 + b**2 + b. Let p be o(-4). Is p/(-2) + 1 + 0 a multiple of 7?
False
Let n = -8 - -10. Suppose -2*u + s + 24 = -s, -5*s - 24 = -n*u. Is u a multiple of 4?
True
Let r be (158/(-8))/(10/(-40)). Suppose -r = -2*c - 3*j, 5*c - j - 140 = 3*j. Is c a multiple of 16?
True
Suppose -4*k - 212 + 770 = -5*r, -3*k + 405 = 3*r. Is 26 a factor of k?
False
Let a(k) = k**2 + 6*k. Does 4 divide a(-8)?
True
Let c be 4/1*(-5)/(-4). Suppose 0 = -c*b + 68 + 52. Does 24 divide b?
True
Let x(o) = o + 5. Let j be x(-5). Let r = -4 + 7. Suppose j = -r*w + 12 + 27. Does 7 divide w?
False
Suppose 0*n = 2*n + 30. Let p = n - -2. Let j = 32 - p. Is 15 a factor of j?
True
Suppose -2*n + 3*a = 3*n - 433, 3*n - 2*a - 260 = 0. Suppose -68 = -3*c + 2*y, 0 = -4*c + y + 3 + n. Is 22 a factor of c?
True
Let p = 1 - -1. Let q = 1 - p. Is (6/15)/(q/(-20)) a multiple of 8?
True
Suppose 4*h = -5 - 11, -3*k - 5*h + 76 = 0. Does 8 divide k?
True
Suppose -226 = -3*x - y, 2*x + 2*y = -47 + 195. Is x a multiple of 38?
True
Let y(i) = 1 + 2 - i**2 + 12*i - 2. Is y(11) a multiple of 9?
False
Let f(b) be the second derivative of 3*b**5/20 - b**4/3 + b**3/3 - 3*b. Is f(2) a multiple of 6?
True
Let n = -6 + 11. Suppose n*i - 12 = 2*i + 3*v, -4*i + 19 = -v. Is 3 a factor of i?
False
Let s be 4*((-2)/(-1))/(-2). Let w(x) be the third derivative of x**6/120 + 7*x**5/60 + x**4/4 + 2*x**3/3 + 44*x**2. Is w(s) a multiple of 18?
False
Let d be (4 - 2)*(-1 + -2). Is d/(-1) - (7 - 5) a multiple of 3?
False
Let x be (-321)/(-15) + 4/(-10). Let c = 31 - x. Is 4/c + (-223)/(-5) a multiple of 16?
False
Is 20 + 0/(-2)*1 a multiple of 5?
True
Is 2 a factor of (-12)/9*36/(-8)?
True
Suppose 5*j + 91 = 2*f, 0 = 4*f + 2*j - 0*j - 194. Does 4 divide f?
True
Let f(s) = -4*s + 17. Let y(u) = -5*u + 17. Let q(x) = 6*f(x) - 5*y(x). Does 2 divide q(-12)?
False
Suppose -5*d - 4*w + 184 = 0, -2*d - 4*w = -93 + 17. Let y = d - 20. Is y a multiple of 8?
True
Suppose o - 100 = p, -p = 3*o - 0*p - 296. Suppose 12*i - 15*i + o = 0. Does 11 divide i?
True
Let d(n) = n - 7. Let k be d(10). Suppose -5*m = -k*m + 46. Let v = -2 - m. Is v a multiple of 7?
True
Suppose d + 8 = 2*m, 5*m = 4*d - 6*d + 29. Suppose d*j = -j + f + 50, 5 = 5*f. Is 12 a factor of j?
False
Suppose 5 = 2*n - 5, 0 = x + 4*n - 22. Let p be -4*(-1 + -2 + x). Let v(m) = m**2 + m - 4. Is v(p) a multiple of 8?
True
Suppose 0*x = 5*x - 15. Suppose f - x*f + 26 = -2*d, 17 = -f - 5*d. Is 3 a factor of f?
False
Suppose -5*w + 3*w = -4*o + 258, 0 = 5*o + 3*w - 339. Let c be (-28*1)/((-1)/3). Suppose 4*s - o = -2*n, -c = -4*s - s - n. Is s a multiple of 8?
False
Suppose -d - 42 = -w + 3*d, 37 = w + d. Is 38 a factor of w?
True
Suppose -4*o + 8 = -i, -3*i - 5*o + 10 = -8*i. Let q be (-1 - i)/((-5)/25). Suppose q*l - 98 = 12. Is l a multiple of 11?
True
Let z = 19 - 8. Does 11 divide z?
True
Let l(h) = 11*h - 3. Is l(9) a multiple of 16?
True
Suppose -3*s + 117 = -330. Is 12 a factor of s?
False
Suppose -5*h + 5*c = 40, c + 25 - 69 = 5*h. Let a(f) = -7*f + 26. Let b(q) = -4*q + 13. Let g(x) = -6*a(x) + 11*b(x). Is g(h) even?
False
Let v(u) = u**2 - 4*u - 8. Suppose -4 = -4*g + 4. Suppose 0*s - 12 = -g*s. Is v(s) a multiple of 3?
False
Let c(s) = s**3 + s**2 - 29*s - 4 + 2*s**2 + 26*s. Does 5 divide c(-3)?
True
Suppose x - 93 = -2*z, -4*x + x = 3*z - 279. Is 19 a factor of x?
False
Suppose 3*p - 1 - 5 = 0. Suppose 5*c = 5*h + 35, c + 13 = -h - p*h. Does 2 divide c?
True
Let o(f) = -1. Let k(c) = 2*c - 8. Let w(j) = k(j) + 2*o(j). Is 7 a factor of w(12)?
True
Let x = 389 + -222. Let n = -94 + x. Suppose 0 = -2*q + 3*i - 6 + 28, -3*i - n = -5*q. Is q a multiple of 8?
False
Suppose 193 - 1043 = -5*x. Suppose x = 3*p + 5*w, -w = -p + 3*w + 68. Suppose 2*j + p = 6*j. Is j a multiple of 14?
False
Suppose -83 = -3*j - 14. Is 23 a factor of j?
True
Let g(v) = -3*v**3 + 3*v**2 + 2*v + 4*v**3 + 7 - 5*v**2 - 2*v**2. Let t be -1*(0 + -5)/1. Is 14 a factor of g(t)?
True
Let s(t) = -t + 3. Does 6 divide s(-15)?
True
Let r(u) = 9*u + 9. Let k(j) = 3*j + 3. Let c(p) = -8*k(p) + 3*r(p). Let q be (-8)/12*9/(-2). Is 6 a factor of c(q)?
True
Let h = 163 - 67. Does 32 divide h?
True
Let d = -42 - -62. Is 13 a factor of d?
False
Let d = -1 - 5. Let t(k) = 4*k - 4*k**2 + 3*k + 5*k**2 + 8. Is t(d) a mult